{"id":521,"date":"2019-09-29T08:37:54","date_gmt":"2019-09-29T08:37:54","guid":{"rendered":"http:\/\/silliogvaldi.is\/?page_id=521"},"modified":"2022-04-12T13:22:14","modified_gmt":"2022-04-12T13:22:14","slug":"mesmerize","status":"publish","type":"page","link":"https:\/\/silliogvaldi.is\/","title":{"rendered":"Front Page"},"content":{"rendered":"<div  id=\"latest-news-1\" style=\"background-color: #f5fafd;\" data-label=\"Latest-news\" data-id=\"blog-section\" data-export-id=\"blog-section\" data-category=\"latest_news\" class=\"blog-section blog-section-standard content-section content-section-spacing\"><div  class=\"gridContainer\"> <div  class=\"row\"><div  data-type=\"column\" class=\"section-title-col\"> <h2  class=\"\">N\u00fdjustu f\u00e6rslur<\/h2> <\/div> <\/div> <div  class=\"row\"> <div  data-type=\"row\" data-dynamic-columns=\"handled\" data-content-shortcode=\"mesmerize_latest_news\">\t\t<div class=\"row center-sm content-left-sm\">\n\t\t\t\t\t<div id=\"post-1492\" class=\"col-sm-6 col-md-4 space-bottom space-bottom-xs\">\n\t\t\t\t<div class=\"post-content card y-move bordered\">\n\t\t\t\t\t<div class=\"post-thumbnail\">\n   <a href=\"https:\/\/silliogvaldi.is\/?p=1492\" class=\"post-list-item-thumb \">\n      <img loading=\"lazy\" decoding=\"async\" width=\"1024\" height=\"1478\" src=\"https:\/\/silliogvaldi.is\/wp-content\/uploads\/2025\/10\/Screenshot_20251001_193908_Gallery-1024x1478.jpg\" class=\"attachment-post-thumbnail size-post-thumbnail wp-post-image\" alt=\"\" srcset=\"https:\/\/silliogvaldi.is\/wp-content\/uploads\/2025\/10\/Screenshot_20251001_193908_Gallery-1024x1478.jpg 1024w, https:\/\/silliogvaldi.is\/wp-content\/uploads\/2025\/10\/Screenshot_20251001_193908_Gallery-208x300.jpg 208w, https:\/\/silliogvaldi.is\/wp-content\/uploads\/2025\/10\/Screenshot_20251001_193908_Gallery-709x1024.jpg 709w, https:\/\/silliogvaldi.is\/wp-content\/uploads\/2025\/10\/Screenshot_20251001_193908_Gallery-768x1109.jpg 768w, https:\/\/silliogvaldi.is\/wp-content\/uploads\/2025\/10\/Screenshot_20251001_193908_Gallery-1064x1536.jpg 1064w, https:\/\/silliogvaldi.is\/wp-content\/uploads\/2025\/10\/Screenshot_20251001_193908_Gallery-748x1080.jpg 748w, https:\/\/silliogvaldi.is\/wp-content\/uploads\/2025\/10\/Screenshot_20251001_193908_Gallery.jpg 1075w\" sizes=\"(max-width: 1024px) 100vw, 1024px\" \/>   <\/a>\n<\/div>\n\t\t\t\t\t<div class=\"col-padding col-padding-xs\">\n\t\t\t\t\t\t<h3 class=\"post-title space-bottom-small\">\n\t\t\t\t\t\t\t<a href=\"https:\/\/silliogvaldi.is\/?p=1492\" rel=\"bookmark\">\n\t\t\t\t\t\t\t\tSilli og Valdi \u00e1 eftirlaunum og spila golf \u00ed s\u00f3linni \u00e1 Sp\u00e1ni\t\t\t\t\t\t\t<\/a>\n\t\t\t\t\t\t<\/h3>\n\t\t\t\t\t\t<p>S\u00edfellt fleiri \u00cdslendingar \u00e1 eftirlaunum velja a\u00f0 dvelja hluta \u00e1rsins \u00e1 Sp\u00e1ni, s\u00e9rstaklega yfir dimmu og k\u00f6ldu vetrarm\u00e1nu\u00f0ina. \u00dear sameinast hl\u00fdtt ve\u00f0urfar, hagst\u00e6\u00f0ara ver\u00f0lag og fj\u00f6lbreytt af\u00fereying sem h\u00f6f\u00f0ar sterkt[&hellip;]<\/p>\n\t\t\t\t\t\t<a class=\"read-more link\" href=\"https:\/\/silliogvaldi.is\/?p=1492\">\n\t\t\t\t\t\t\tRead more\t\t\t\t\t\t<\/a>\n\t\t\t\t\t<\/div>\n\t\t\t\t<\/div>\n\t\t\t<\/div>\n\t\t\t\t\t\t<div id=\"post-1487\" class=\"col-sm-6 col-md-4 space-bottom space-bottom-xs\">\n\t\t\t\t<div class=\"post-content card y-move bordered\">\n\t\t\t\t\t<div class=\"post-thumbnail\">\n   <a href=\"https:\/\/silliogvaldi.is\/?p=1487\" class=\"post-list-item-thumb \">\n      <img loading=\"lazy\" decoding=\"async\" width=\"1024\" height=\"1434\" src=\"https:\/\/silliogvaldi.is\/wp-content\/uploads\/2025\/09\/Screenshot_20250927_195031_Gallery-1024x1434.jpg\" class=\"attachment-post-thumbnail size-post-thumbnail wp-post-image\" alt=\"\" srcset=\"https:\/\/silliogvaldi.is\/wp-content\/uploads\/2025\/09\/Screenshot_20250927_195031_Gallery-1024x1434.jpg 1024w, https:\/\/silliogvaldi.is\/wp-content\/uploads\/2025\/09\/Screenshot_20250927_195031_Gallery-214x300.jpg 214w, https:\/\/silliogvaldi.is\/wp-content\/uploads\/2025\/09\/Screenshot_20250927_195031_Gallery-731x1024.jpg 731w, https:\/\/silliogvaldi.is\/wp-content\/uploads\/2025\/09\/Screenshot_20250927_195031_Gallery-768x1075.jpg 768w, https:\/\/silliogvaldi.is\/wp-content\/uploads\/2025\/09\/Screenshot_20250927_195031_Gallery-771x1080.jpg 771w, https:\/\/silliogvaldi.is\/wp-content\/uploads\/2025\/09\/Screenshot_20250927_195031_Gallery.jpg 1080w\" sizes=\"(max-width: 1024px) 100vw, 1024px\" \/>   <\/a>\n<\/div>\n\t\t\t\t\t<div class=\"col-padding col-padding-xs\">\n\t\t\t\t\t\t<h3 class=\"post-title space-bottom-small\">\n\t\t\t\t\t\t\t<a href=\"https:\/\/silliogvaldi.is\/?p=1487\" rel=\"bookmark\">\n\t\t\t\t\t\t\t\tSilli og Valdi fluttir til Costa Blanca\t\t\t\t\t\t\t<\/a>\n\t\t\t\t\t\t<\/h3>\n\t\t\t\t\t\t<p>Silli og Valdi eru m\u00e6ttir \u00e1 Costa Blanca sv\u00e6\u00f0i\u00f0 til a\u00f0 nj\u00f3ta eftirlauna\u00e1ranna. Kostir \u00feess a\u00f0 flytja sem eftirlauna\u00feegi til Costa Blanca Ve\u00f0ur og loftslag Costa Blanca hefur hl\u00fdtt og[&hellip;]<\/p>\n\t\t\t\t\t\t<a class=\"read-more link\" href=\"https:\/\/silliogvaldi.is\/?p=1487\">\n\t\t\t\t\t\t\tRead more\t\t\t\t\t\t<\/a>\n\t\t\t\t\t<\/div>\n\t\t\t\t<\/div>\n\t\t\t<\/div>\n\t\t\t\t<\/div>\n\t<\/div><\/div> <div  class=\"row\"><div  class=\"text-center\"> <a  class=\"button color1\" data-attr-shortcode=\"href:mesmerize_blog_link\" href=\"https:\/\/silliogvaldi.is\/?page_id=522\">Sj\u00e1 allar f\u00e6rslur<\/a><\/div> <\/div><\/div><\/div>","protected":false},"excerpt":{"rendered":"<p>N\u00fdjustu f\u00e6rslur Sj\u00e1 allar f\u00e6rslur<\/p>\n","protected":false},"author":1,"featured_media":0,"parent":0,"menu_order":0,"comment_status":"closed","ping_status":"closed","template":"page-templates\/homepage.php","meta":{"footnotes":""},"class_list":["post-521","page","type-page","status-publish","hentry"],"_links":{"self":[{"href":"https:\/\/silliogvaldi.is\/index.php?rest_route=\/wp\/v2\/pages\/521"}],"collection":[{"href":"https:\/\/silliogvaldi.is\/index.php?rest_route=\/wp\/v2\/pages"}],"about":[{"href":"https:\/\/silliogvaldi.is\/index.php?rest_route=\/wp\/v2\/types\/page"}],"author":[{"embeddable":true,"href":"https:\/\/silliogvaldi.is\/index.php?rest_route=\/wp\/v2\/users\/1"}],"replies":[{"embeddable":true,"href":"https:\/\/silliogvaldi.is\/index.php?rest_route=%2Fwp%2Fv2%2Fcomments&post=521"}],"version-history":[{"count":4,"href":"https:\/\/silliogvaldi.is\/index.php?rest_route=\/wp\/v2\/pages\/521\/revisions"}],"predecessor-version":[{"id":533,"href":"https:\/\/silliogvaldi.is\/index.php?rest_route=\/wp\/v2\/pages\/521\/revisions\/533"}],"wp:attachment":[{"href":"https:\/\/silliogvaldi.is\/index.php?rest_route=%2Fwp%2Fv2%2Fmedia&parent=521"}],"curies":[{"name":"wp","href":"https:\/\/api.w.org\/{rel}","templated":true}]}}